+ 4071516 - 326097 = 0. Is d prime?
True
Suppose 0 = 10*j + 580*j - 30241630. Is j a prime number?
True
Suppose 20*y - 363046 = -100626. Is y a prime number?
True
Suppose -561484 = -2*j + 2*r, -6*r = -3*j - 165480 + 1007709. Is j prime?
False
Suppose -112545 = 13*l - 18*l - 4*g, -11*l = -2*g - 247653. Is l a prime number?
False
Let c be (66/77)/(6/28). Suppose -c*q - h - 3 = -3*q, 0 = 3*q - h - 11. Suppose -q*n - 3937 = -5*y, -2*y + 3*n = -616 - 961. Is y a composite number?
False
Suppose 0 = -23*m + 32042 + 131327. Is m composite?
False
Suppose 105*h - 18974353 = 17*h + 16578967. Is h composite?
True
Let n(f) be the first derivative of -667*f**2 - 36*f - 6. Let j be n(-6). Is 7/35 + j/10 prime?
True
Suppose 39*h = 44*h + 405. Let w = 81 + h. Is (8/(-12) - w)*1341/(-6) prime?
True
Let t = 231 - 112. Let i = t - 111. Suppose -4*l = 4*m - 16556, i = -2*l + 4*l. Is m composite?
True
Suppose -4*t + b + 73 = 0, -t - 80 = -6*t + 5*b. Suppose 3*c + 4*h - 25 = 0, -5*c = 2*h - h - t. Suppose -c*m = -7*m + 52. Is m prime?
True
Let r(s) = 23*s**2 - 67*s + 541. Is r(30) a prime number?
True
Suppose -10*n + 104*n - 6761702 = 0. Is n a composite number?
False
Let h = -10 + 10. Suppose h = 7*y - 21 - 0. Suppose -3*g + 1338 = y*g. Is g a prime number?
True
Suppose 0 = -4*k - i + 60, 0 = 2*i + i - 12. Suppose 89843 = k*g + 31841. Is g prime?
False
Let o be 0 - ((1 - -7) + -4). Is (-3908)/(-6)*(o + 33/6) composite?
False
Suppose -13*w - 101273 = -6*w - 8*w. Is w a composite number?
False
Suppose -14*q + 1461664 - 348594 = 0. Is q prime?
False
Is 927612/20 + 66/165 a prime number?
True
Suppose 3*o + 0*o = 0. Suppose o = 2*v + 2 - 10. Suppose 382 = v*i + 42. Is i a composite number?
True
Let t = 31 - -72. Suppose t*m = 98*m + 7115. Is m prime?
True
Let f(s) = 3*s**2 + 11*s + 37. Suppose 18*c + 4*c = -550. Is f(c) prime?
True
Suppose 8705*y + 3214525 = 8730*y. Is y a composite number?
True
Is ((-57)/76)/(((-4)/7538464)/(2/12)) prime?
True
Suppose 0 = 4*r - 5*r + 5*w - 24, -5*r - w - 16 = 0. Is 127407/63*r/(4/(-3)) composite?
False
Let m = 807509 - 4427. Suppose 18*p = 4*p + m. Is p composite?
True
Suppose -4*p - 1140438 = -3*v, -4*p + 1140462 = -10*v + 13*v. Suppose -560*k + 550*k + v = 0. Is k a prime number?
False
Let i(h) = -15*h**2 + 529*h**2 - 7 - 136*h + 126*h. Is i(-7) a composite number?
True
Let v be (-1866 - 55/5)/(2/10). Let f = -6114 - v. Is f prime?
True
Is (45 + -1 + 0)*1643230/2920 composite?
True
Let i(k) = k - 57. Let d be i(-23). Is (-30)/d + 64618*2/32 prime?
False
Let v(k) = 136*k + 1385. Is v(137) a composite number?
True
Suppose 0 = 6*s - 5*s - 5. Let w(p) = 5 + 1414*p - s + 0 - 3. Is w(1) prime?
False
Suppose -2*i + 7*w = -4*w - 212797, -3*i + 4*w + 319183 = 0. Is i a composite number?
True
Suppose -3*z - 5*q + 612 = -2314, 3*z - 2906 = 5*q. Let n = -427 + z. Is n a prime number?
False
Suppose -7251 + 26379 = 12*s. Suppose s = 68*z - 66*z. Is z prime?
True
Let p = 72831 - 4124. Is p composite?
True
Is ((-170)/(-55) + -3)*179663 prime?
True
Let s be 0 - (5 + 24/(-4)). Suppose -2*a = n - 7, -3*a - s = 4*n + 1. Let b(w) = 8*w**3 - 7*w**2 + 6*w + 5. Is b(a) a prime number?
False
Let o = -231650 - -676879. Is o composite?
False
Suppose -11327196 = -54*z + 557394. Is z a prime number?
False
Is -106 - -116 - (-44733 + 1 + 1) prime?
True
Let q(i) = -2*i - 2. Let l be q(8). Is (15956/(-10))/(l/(-135)*-3) composite?
False
Let z be (-27)/18*(-2)/1. Suppose -4*u = -c - 2802, 0 = -u - z*c + c + 705. Is u a composite number?
False
Let p(h) = 8*h**2 + 13*h + 389. Is p(-28) a prime number?
False
Let g = -5160 - -13075. Suppose 2238 = -7*f + g. Is f prime?
True
Let d = 28 + -34. Let h be (3/d)/(5/(-1110)). Let q = 217 - h. Is q a prime number?
False
Let w be 4660 + 3 + 3 + 0 + 1. Let g = 8850 - w. Is g a prime number?
False
Suppose -251*k + 279*k - 1013068 = 0. Is k a composite number?
True
Let m(u) = u**3 + 116*u**2 + 63*u - 125. Is m(-93) a composite number?
True
Let f(d) = -12*d**3 - 13*d**2 + 52*d - 1770. Is f(-49) a prime number?
True
Suppose -6*b + 122*u + 1736646 = 125*u, -578870 = -2*b + 2*u. Is b a prime number?
True
Let y be ((-1538)/26 - 12/(-78))/(-1). Let h(c) = 3 + 2*c**2 - 15*c**3 + y*c**3 - c**3 - 4*c + 0*c. Is h(2) a composite number?
False
Suppose 9*b + 11 = 56. Let x be (-51)/(b/30*-1). Suppose -3*z + 915 = x. Is z a composite number?
True
Let o(f) = 2*f**2 + 9*f - 5. Let r be o(-5). Suppose r = -h + i + 2, h = 4*i - 0 - 4. Is 74/(h*5/110) a prime number?
False
Let u(s) be the third derivative of s**5/3 - 3*s**4/2 + 17*s**3/6 + s**2 - 5. Is u(-9) a prime number?
False
Suppose 4*y + 10 = 3*s - 13, 19 = 3*s - 2*y. Suppose 2*j - 13 = -s. Suppose 3*d + 3*c + c - 3571 = 0, 2*c = j*d - 4754. Is d prime?
False
Let s be (8/6 - (-7)/(-21))*3. Let a be (-1 - s)*(4 - 2)/(-4). Suppose -555 = a*g - 1637. Is g a prime number?
True
Suppose -3709106 = -57*r - 2368595 + 5656410. Is r prime?
True
Let b be 12*(-2)/4 - (-8 + 5). Is 10/15 - (-3 + 8146/b) a composite number?
False
Suppose n = -p + 33625, 5*n - 33649 = -72*p + 71*p. Is p composite?
False
Suppose -5*u - 4*m = -8*u + 73, 5*u - 5*m - 120 = 0. Suppose -9305 - 235553 = -u*w. Is w composite?
True
Let f(s) = 273*s + 83. Suppose -5*r = -5*q - 45, -6*q = -2*r - 7*q + 21. Is f(r) a prime number?
False
Suppose 4*d + 3*r - 450 = 6*r, d + 2*r = 118. Suppose -37 = -2*m - 4*o + o, -3*o - 63 = -3*m. Let y = d + m. Is y composite?
True
Suppose 17*l - 4174961 + 843114 = 0. Is l a prime number?
True
Let z be (-2)/(-4) - (-918)/4. Suppose 0 = -10*c + 3630 - z. Suppose 4*m + 2*g - c = 0, -3*m = 5*g - 197 - 72. Is m a prime number?
True
Is 270/(-18)*252842/(-10) a prime number?
False
Let r(i) = 52211*i**3 - 2*i**2 + 52*i - 50. Is r(1) composite?
True
Let r(o) = -31704*o + 195. Let m be r(-13). Suppose -11*g = 128360 - m. Is g a prime number?
False
Let j = -78 + 80. Suppose 2*h = -j*c - 0*h + 4, 0 = c - 2*h - 8. Suppose -c*n - 6*n + 27790 = 0. Is n a composite number?
True
Suppose -18*m + 21*m = 15. Suppose 0 = -4*y + m*k + 805, 4*y + k - 340 = 435. Suppose -2*t - t = -y. Is t a composite number?
True
Let w(x) = -x**2 + 10*x**3 + 0*x**3 - 8*x**3 + 17769 - x**3. Let l be w(0). Is l/12 + 13/52 a prime number?
True
Is (48/(-22) + 2)*(-341494967)/443 a composite number?
True
Let m = 133 - 131. Suppose 0 = m*v + 803 - 2627. Suppose -2*b = -v - 1910. Is b prime?
False
Let t(r) = 12879*r**3 + 6*r**2 - 5*r - 3. Is t(2) a prime number?
True
Let b(k) = 13*k - 8. Let r(z) = -z**3 - 3*z**2 - 7*z - 15. Let i be r(-5). Let q = i + -55. Is b(q) a prime number?
False
Suppose -166*d = -171*d - 20. Is (-25036 - (0 - 2))*d/8 a prime number?
True
Let v(x) = 47*x**2 - 13*x + 77. Let z be v(-21). Suppose -11*d = -4*d - z. Is d prime?
True
Let b(u) be the second derivative of -u**5/20 - 11*u**4/6 + 8*u**3/3 - 2*u**2 - 2*u. Let n be b(-23). Suppose -8*j + 907 = -n. Is j a prime number?
False
Let t(p) = -59942*p**3 - 5*p**2 - 8*p - 4. Is t(-1) a composite number?
True
Let p = 52 + -49. Suppose 0 = -d, p*l - 3*d - 7977 = 6552. Is l composite?
True
Let j be (-1 - (0 - 2))*5. Let g(d) be the second derivative of 97*d**4/12 + 4*d**3/3 - 14*d**2 + d. Is g(j) composite?
False
Let w = -834259 - -3393368. Is w composite?
True
Let z be -5*(-3)/(-6)*-2. Suppose -o = z - 19. Is (21/o)/((-6)/(-568)) prime?
False
Let m = 208689 - 77992. Is m a composite number?
True
Let t(p) = p + 141. Let o be t(0). Suppose -5*x + 10 = -0, -3*z + 4*x + 2752 = 0. Let i = z - o. Is i prime?
False
Is ((-133290)/(-33))/1 - 19/1045*5 composite?
True
Let m(f) = -9*f**3 - 3*f**2 + 98*f + 113. Is m(-11) prime?
True
Let h = -570765 - -987878. Is h a composite number?
False
Suppose -4*n - 2*z = -3*z - 13, 12 = -4*n - 4*z. Suppose -4*g = -4*l + 50460, n*l + 5*g = g + 25206. Is l a prime number?
True
Let h(y) = 199*y - 1182. Is h(40) a prime number?
False
Let n(j) = 38959*j - 136. Is n(1) a composite number?
True
Let h(c) = 103*c**2 + 3*c + 1. Let a be h(7). Let q = a - -731. Suppose 8*d - q = 13552. Is d a prime number?
False
Let l be -6 - 13*(-1 + 0). Let w be 2/10 + 4/(-20). Suppose l*h - 20209 = -w*h. Is h prime?
True
Suppose 4*m = -t + 17461, -4*t + 69739 = -34*m + 29*m. Is t composite?
True
Suppose -2*w - 4*s = -w + 14, w + 5*s = -18. Suppose 3*a = 2*k - 659 - 405, 5*a - 